22?
21
Calculate the remainder when 159713 is divided by 119.
15
What is the remainder when 16692 is divided by 41?
5
What is the remainder when 1663 is divided by 63?
25
What is the remainder when 19310 is divided by 805?
795
What is the remainder when 23710 is divided by 57?
55
What is the remainder when 106672 is divided by 796?
8
What is the remainder when 868 is divided by 854?
14
What is the remainder when 85740 is divided by 57?
12
Calculate the remainder when 31822 is divided by 312.
310
Calculate the remainder when 3052 is divided by 153.
145
What is the remainder when 1792647 is divided by 190?
187
What is the remainder when 80692 is divided by 4034?
12
What is the remainder when 2155 is divided by 1076?
3
What is the remainder when 2248 is divided by 248?
16
What is the remainder when 385114 is divided by 4?
2
What is the remainder when 7016 is divided by 877?
0
Calculate the remainder when 1147 is divided by 232.
219
What is the remainder when 731607 is divided by 103?
101
Calculate the remainder when 8092 is divided by 68.
0
What is the remainder when 3516 is divided by 103?
14
Calculate the remainder when 1962 is divided by 17.
7
What is the remainder when 64234 is divided by 106?
104
Calculate the remainder when 206300 is divided by 48.
44
Calculate the remainder when 57805 is divided by 235.
230
Calculate the remainder when 1777871 is divided by 7.
4
What is the remainder when 6955 is divided by 2090?
685
What is the remainder when 16481 is divided by 69?
59
Calculate the remainder when 3070 is divided by 35.
25
Calculate the remainder when 22764 is divided by 701.
332
Calculate the remainder when 4239 is divided by 30.
9
What is the remainder when 18763 is divided by 297?
52
What is the remainder when 5887 is divided by 655?
647
Calculate the remainder when 184258 is divided by 5.
3
What is the remainder when 17003 is divided by 16669?
334
What is the remainder when 50894 is divided by 135?
134
What is the remainder when 13553 is divided by 54?
53
What is the remainder when 4846 is divided by 208?
62
Calculate the remainder when 5350 is divided by 542.
472
Calculate the remainder when 13833 is divided by 1537.
0
Calculate the remainder when 206093 is divided by 103035.
23
What is the remainder when 86861 is divided by 32?
13
What is the remainder when 3376 is divided by 673?
11
What is the remainder when 29780 is divided by 29?
26
What is the remainder when 10082 is divided by 9809?
273
What is the remainder when 264969 is divided by 622?
619
Calculate the remainder when 252180 is divided by 126065.
50
Calculate the remainder when 116688 is divided by 18.
12
What is the remainder when 230356 is divided by 116?
96
What is the remainder when 442377 is divided by 147450?
27
Calculate the remainder when 668271 is divided by 111378.
3
What is the remainder when 66194 is divided by 2869?
207
What is the remainder when 285776 is divided by 169?
166
Calculate the remainder when 5750443 is divided by 13.
10
What is the remainder when 3181 is divided by 330?
211
What is the remainder when 12241 is divided by 1015?
61
Calculate the remainder when 978 is divided by 109.
106
Calculate the remainder when 12963 is divided by 6475.
13
Calculate the remainder when 1745 is divided by 752.
241
Calculate the remainder when 5118 is divided by 1696.
30
What is the remainder when 1241011 is divided by 249?
244
What is the remainder when 218189 is divided by 26?
23
Calculate the remainder when 24330 is divided by 72.
66
Calculate the remainder when 5398 is divided by 386.
380
What is the remainder when 14021 is divided by 782?
727
What is the remainder when 49480 is divided by 218?
212
Calculate the remainder when 522 is divided by 171.
9
What is the remainder when 5132 is divided by 145?
57
Calculate the remainder when 802 is divided by 65.
22
What is the remainder when 40504 is divided by 471?
469
Calculate the remainder when 101505 is divided by 1720.
25
What is the remainder when 2703 is divided by 677?
672
Calculate the remainder when 4161 is divided by 850.
761
Calculate the remainder when 7318 is divided by 547.
207
Calculate the remainder when 22644 is divided by 7547.
3
Calculate the remainder when 7106 is divided by 35.
1
Calculate the remainder when 49924 is divided by 6227.
108
What is the remainder when 2966 is divided by 716?
102
What is the remainder when 41299 is divided by 3441?
7
What is the remainder when 140559 is divided by 442?
3
Calculate the remainder when 6427 is divided by 48.
43
Calculate the remainder when 43076 is divided by 55.
11
What is the remainder when 6995 is divided by 6513?
482
Calculate the remainder when 3715 is divided by 1.
0
What is the remainder when 8631 is divided by 48?
39
Calculate the remainder when 46312 is divided by 88.
24
What is the remainder when 7468 is divided by 530?
48
Calculate the remainder when 9113 is divided by 414.
5
Calculate the remainder when 16718 is divided by 490.
58
What is the remainder when 12124 is divided by 16?
12
What is the remainder when 517431 is divided by 383?
381
What is the remainder when 45675 is divided by 188?
179
What is the remainder when 14838 is divided by 185?
38
What is the remainder when 1604 is divided by 198?
20
Calculate the remainder when 70628 is divided by 72.
68
Calculate the remainder when 30110 is divided by 396.
14
Calculate the remainder when 3353 is divided by 118.
49
Calculate the remainder when 48314 is divided by 19.
16
What is the remainder when 154088 is divided by 607?
517
What is the remainder when 252787 is divided by 151?
13
What is the remainder when 34238 is divided by 8?
6
Calculate the remainder when 2859 is divided by 65.
64
Calculate the remainder when 82601 is divided by 599.
538
What is the remainder when 1327 is divided by 4?
3
Calculate the remainder when 67460 is divided by 241.
221
What is the remainder when 4511 is divided by 2134?
243
Calculate the remainder when 632719 is divided by 176.
175
What is the remainder when 12322 is divided by 12236?
86
What is the remainder when 3154 is divided by 28?
18
What is the remainder when 1199 is divided by 597?
5
Calculate the remainder when 341735 is divided by 267.
242
What is the remainder when 112132 is divided by 37375?
7
Calculate the remainder when 93616 is divided by 600.
16
Calculate the remainder when 7680 is divided by 338.
244
Calculate the remainder when 2732 is divided by 16.
12
Calculate the remainder when 2915 is divided by 960.
35
Calculate the remainder when 1153 is divided by 126.
19
Calculate the remainder when 3071 is divided by 631.
547
What is the remainder when 9744 is divided by 574?
560
What is the remainder when 6047 is divided by 83?
71
Calculate the remainder when 168988 is divided by 262.
260
What is the remainder when 915524 is divided by 5?
4
Calculate the remainder when 37291 is divided by 222.
217
Calculate the remainder when 164132 is divided by 24.
20
What is the remainder when 7357 is divided by 91?
77
What is the remainder when 241196 is divided by 27?
5
What is the remainder when 270424 is divided by 145?
144
What is the remainder when 122730 is divided by 197?
196
Calculate the remainder when 210543 is divided by 14036.
3
What is the remainder when 53672 is divided by 53643?
29
Calculate the remainder when 69446 is divided by 7711.
47
What is the remainder when 4500 is divided by 4474?
26
Calculate the remainder when 5475 is divided by 20.
15
What is the remainder when 96453 is divided by 3215?
3
Calculate the remainder when 945363 is divided by 6431.
6
Calculate the remainder when 18667 is divided by 1242.
37
Calculate the remainder when 249389 is divided by 26.
23
Calculate the remainder when 468129 is divided by 845.
844
What is the remainder when 6714 is divided by 1677?
6
Calculate the remainder when 88447 is divided by 273.
268
What is the remainder when 218052 is divided by 4038?
0
Calculate the remainder when 680 is divided by 321.
38
Calculate the remainder when 972398 is divided by 2205.
2198
Calculate the remainder when 413191 is divided by 1853.
1825
Calculate the remainder when 162847 is divided by 112.
111
What is the remainder when 1631 is divided by 483?
182
Calculate the remainder when 8222 is divided by 1654.
1606
Calcula